{"id":165,"date":"2021-10-24T16:31:58","date_gmt":"2021-10-24T14:31:58","guid":{"rendered":"http:\/\/aymericbernard.fr\/?page_id=165"},"modified":"2021-10-24T19:42:40","modified_gmt":"2021-10-24T17:42:40","slug":"contact","status":"publish","type":"page","link":"https:\/\/aymericbernard.fr\/?page_id=165","title":{"rendered":"Contact"},"content":{"rendered":"\n<h2>Pour me contacter remplissez ce fomulaire<\/h2>\n\n\n\n<div class=\"wp-block-contact-form-7-contact-form-selector\"><div role=\"form\" class=\"wpcf7\" id=\"wpcf7-f174-o1\" lang=\"fr-FR\" dir=\"ltr\">\n<div class=\"screen-reader-response\"><p role=\"status\" aria-live=\"polite\" aria-atomic=\"true\"><\/p> <ul><\/ul><\/div>\n<form action=\"\/index.php?rest_route=%2Fwp%2Fv2%2Fpages%2F165#wpcf7-f174-o1\" method=\"post\" class=\"wpcf7-form init\" novalidate=\"novalidate\" data-status=\"init\">\n<div style=\"display: none;\">\n<input type=\"hidden\" name=\"_wpcf7\" value=\"174\" \/>\n<input type=\"hidden\" name=\"_wpcf7_version\" value=\"5.5.1\" \/>\n<input type=\"hidden\" name=\"_wpcf7_locale\" value=\"fr_FR\" \/>\n<input type=\"hidden\" name=\"_wpcf7_unit_tag\" value=\"wpcf7-f174-o1\" \/>\n<input type=\"hidden\" name=\"_wpcf7_container_post\" value=\"0\" \/>\n<input type=\"hidden\" name=\"_wpcf7_posted_data_hash\" value=\"\" \/>\n<\/div>\n<p><label> Votre nom<br \/>\n    <span class=\"wpcf7-form-control-wrap your-name\"><input type=\"text\" name=\"your-name\" value=\"\" size=\"40\" class=\"wpcf7-form-control wpcf7-text wpcf7-validates-as-required\" aria-required=\"true\" aria-invalid=\"false\" \/><\/span> <\/label><\/p>\n<p><label> Votre e-mail<br \/>\n    <span class=\"wpcf7-form-control-wrap your-email\"><input type=\"email\" name=\"your-email\" value=\"\" size=\"40\" class=\"wpcf7-form-control wpcf7-text wpcf7-email wpcf7-validates-as-required wpcf7-validates-as-email\" aria-required=\"true\" aria-invalid=\"false\" \/><\/span> <\/label><\/p>\n<p><label> Objet<br \/>\n    <span class=\"wpcf7-form-control-wrap your-subject\"><input type=\"text\" name=\"your-subject\" value=\"\" size=\"40\" class=\"wpcf7-form-control wpcf7-text wpcf7-validates-as-required\" aria-required=\"true\" aria-invalid=\"false\" \/><\/span> <\/label><\/p>\n<p><label> Votre message (facultatif)<br \/>\n    <span class=\"wpcf7-form-control-wrap your-message\"><textarea name=\"your-message\" cols=\"40\" rows=\"10\" class=\"wpcf7-form-control wpcf7-textarea\" aria-invalid=\"false\"><\/textarea><\/span> <\/label><\/p>\n<p><input type=\"submit\" value=\"Envoyer\" class=\"wpcf7-form-control has-spinner wpcf7-submit\" \/><\/p>\n<p style=\"display: none !important;\"><label>&#916;<textarea name=\"_wpcf7_ak_hp_textarea\" cols=\"45\" rows=\"8\" maxlength=\"100\"><\/textarea><\/label><input type=\"hidden\" id=\"ak_js\" name=\"_wpcf7_ak_js\" value=\"184\"\/><script>document.getElementById( \"ak_js\" ).setAttribute( \"value\", ( new Date() ).getTime() );<\/script><\/p><div class=\"wpcf7-response-output\" aria-hidden=\"true\"><\/div><\/form><\/div><\/div>\n","protected":false},"excerpt":{"rendered":"<p>Pour me contacter remplissez ce fomulaire<\/p>\n","protected":false},"author":1,"featured_media":0,"parent":0,"menu_order":0,"comment_status":"closed","ping_status":"closed","template":"","meta":[],"yoast_head":"<!-- This site is optimized with the Yoast SEO plugin v17.4 - https:\/\/yoast.com\/wordpress\/plugins\/seo\/ -->\n<title>Contact - Aymeric BERNARD<\/title>\n<meta name=\"description\" content=\"Afin de communiquer avec moi, merci de remplir ce formulaire. J&#039;esp\u00e8re que nous pourrions travailler ensemble d&#039;ici peu.\" \/>\n<meta name=\"robots\" content=\"index, follow, max-snippet:-1, max-image-preview:large, max-video-preview:-1\" \/>\n<link rel=\"canonical\" href=\"https:\/\/aymericbernard.fr\/?page_id=165\" \/>\n<meta property=\"og:locale\" content=\"en_US\" \/>\n<meta property=\"og:type\" content=\"article\" \/>\n<meta property=\"og:title\" content=\"Contact - Aymeric BERNARD\" \/>\n<meta property=\"og:description\" content=\"Afin de communiquer avec moi, merci de remplir ce formulaire. J&#039;esp\u00e8re que nous pourrions travailler ensemble d&#039;ici peu.\" \/>\n<meta property=\"og:url\" content=\"https:\/\/aymericbernard.fr\/?page_id=165\" \/>\n<meta property=\"og:site_name\" content=\"Aymeric BERNARD\" \/>\n<meta property=\"article:modified_time\" content=\"2021-10-24T17:42:40+00:00\" \/>\n<meta name=\"twitter:card\" content=\"summary_large_image\" \/>\n<meta name=\"twitter:label1\" content=\"Est. reading time\" \/>\n\t<meta name=\"twitter:data1\" content=\"1 minute\" \/>\n<script type=\"application\/ld+json\" class=\"yoast-schema-graph\">{\"@context\":\"https:\/\/schema.org\",\"@graph\":[{\"@type\":\"WebSite\",\"@id\":\"https:\/\/aymericbernard.fr\/#website\",\"url\":\"https:\/\/aymericbernard.fr\/\",\"name\":\"Aymeric BERNARD\",\"description\":\"Bonjour, je suis Aymeric, passionn\\u00e9 de cr\\u00e9ation, que ce soit print, web ou vid\\u00e9o. Je vous propose de vous accompagner dans vos projets afin que votre image corresponde \\u00e0 vos valeurs. Contactez-moi pour plus d&#039;informations. \",\"potentialAction\":[{\"@type\":\"SearchAction\",\"target\":{\"@type\":\"EntryPoint\",\"urlTemplate\":\"https:\/\/aymericbernard.fr\/?s={search_term_string}\"},\"query-input\":\"required name=search_term_string\"}],\"inLanguage\":\"en-US\"},{\"@type\":\"WebPage\",\"@id\":\"https:\/\/aymericbernard.fr\/?page_id=165#webpage\",\"url\":\"https:\/\/aymericbernard.fr\/?page_id=165\",\"name\":\"Contact - Aymeric BERNARD\",\"isPartOf\":{\"@id\":\"https:\/\/aymericbernard.fr\/#website\"},\"datePublished\":\"2021-10-24T14:31:58+00:00\",\"dateModified\":\"2021-10-24T17:42:40+00:00\",\"description\":\"Afin de communiquer avec moi, merci de remplir ce formulaire. J'esp\\u00e8re que nous pourrions travailler ensemble d'ici peu.\",\"breadcrumb\":{\"@id\":\"https:\/\/aymericbernard.fr\/?page_id=165#breadcrumb\"},\"inLanguage\":\"en-US\",\"potentialAction\":[{\"@type\":\"ReadAction\",\"target\":[\"https:\/\/aymericbernard.fr\/?page_id=165\"]}]},{\"@type\":\"BreadcrumbList\",\"@id\":\"https:\/\/aymericbernard.fr\/?page_id=165#breadcrumb\",\"itemListElement\":[{\"@type\":\"ListItem\",\"position\":1,\"name\":\"Accueil\",\"item\":\"https:\/\/aymericbernard.fr\/\"},{\"@type\":\"ListItem\",\"position\":2,\"name\":\"Contact\"}]}]}<\/script>\n<!-- \/ Yoast SEO plugin. -->","yoast_head_json":{"title":"Contact - Aymeric BERNARD","description":"Afin de communiquer avec moi, merci de remplir ce formulaire. J'esp\u00e8re que nous pourrions travailler ensemble d'ici peu.","robots":{"index":"index","follow":"follow","max-snippet":"max-snippet:-1","max-image-preview":"max-image-preview:large","max-video-preview":"max-video-preview:-1"},"canonical":"https:\/\/aymericbernard.fr\/?page_id=165","og_locale":"en_US","og_type":"article","og_title":"Contact - Aymeric BERNARD","og_description":"Afin de communiquer avec moi, merci de remplir ce formulaire. J'esp\u00e8re que nous pourrions travailler ensemble d'ici peu.","og_url":"https:\/\/aymericbernard.fr\/?page_id=165","og_site_name":"Aymeric BERNARD","article_modified_time":"2021-10-24T17:42:40+00:00","twitter_card":"summary_large_image","twitter_misc":{"Est. reading time":"1 minute"},"schema":{"@context":"https:\/\/schema.org","@graph":[{"@type":"WebSite","@id":"https:\/\/aymericbernard.fr\/#website","url":"https:\/\/aymericbernard.fr\/","name":"Aymeric BERNARD","description":"Bonjour, je suis Aymeric, passionn\u00e9 de cr\u00e9ation, que ce soit print, web ou vid\u00e9o. Je vous propose de vous accompagner dans vos projets afin que votre image corresponde \u00e0 vos valeurs. Contactez-moi pour plus d&#039;informations. ","potentialAction":[{"@type":"SearchAction","target":{"@type":"EntryPoint","urlTemplate":"https:\/\/aymericbernard.fr\/?s={search_term_string}"},"query-input":"required name=search_term_string"}],"inLanguage":"en-US"},{"@type":"WebPage","@id":"https:\/\/aymericbernard.fr\/?page_id=165#webpage","url":"https:\/\/aymericbernard.fr\/?page_id=165","name":"Contact - Aymeric BERNARD","isPartOf":{"@id":"https:\/\/aymericbernard.fr\/#website"},"datePublished":"2021-10-24T14:31:58+00:00","dateModified":"2021-10-24T17:42:40+00:00","description":"Afin de communiquer avec moi, merci de remplir ce formulaire. J'esp\u00e8re que nous pourrions travailler ensemble d'ici peu.","breadcrumb":{"@id":"https:\/\/aymericbernard.fr\/?page_id=165#breadcrumb"},"inLanguage":"en-US","potentialAction":[{"@type":"ReadAction","target":["https:\/\/aymericbernard.fr\/?page_id=165"]}]},{"@type":"BreadcrumbList","@id":"https:\/\/aymericbernard.fr\/?page_id=165#breadcrumb","itemListElement":[{"@type":"ListItem","position":1,"name":"Accueil","item":"https:\/\/aymericbernard.fr\/"},{"@type":"ListItem","position":2,"name":"Contact"}]}]}},"_links":{"self":[{"href":"https:\/\/aymericbernard.fr\/index.php?rest_route=\/wp\/v2\/pages\/165"}],"collection":[{"href":"https:\/\/aymericbernard.fr\/index.php?rest_route=\/wp\/v2\/pages"}],"about":[{"href":"https:\/\/aymericbernard.fr\/index.php?rest_route=\/wp\/v2\/types\/page"}],"author":[{"embeddable":true,"href":"https:\/\/aymericbernard.fr\/index.php?rest_route=\/wp\/v2\/users\/1"}],"replies":[{"embeddable":true,"href":"https:\/\/aymericbernard.fr\/index.php?rest_route=%2Fwp%2Fv2%2Fcomments&post=165"}],"version-history":[{"count":4,"href":"https:\/\/aymericbernard.fr\/index.php?rest_route=\/wp\/v2\/pages\/165\/revisions"}],"predecessor-version":[{"id":177,"href":"https:\/\/aymericbernard.fr\/index.php?rest_route=\/wp\/v2\/pages\/165\/revisions\/177"}],"wp:attachment":[{"href":"https:\/\/aymericbernard.fr\/index.php?rest_route=%2Fwp%2Fv2%2Fmedia&parent=165"}],"curies":[{"name":"wp","href":"https:\/\/api.w.org\/{rel}","templated":true}]}}